s the units digit of j(k)?
4
Suppose 2*j - 126 = -j. Let s = j - 12. What is the tens digit of s?
3
Let q(r) = -2*r + 3. What is the tens digit of q(-9)?
2
Let i = -7 - -4. Let r = 2 - i. What is the units digit of r?
5
Let m be 174 - 6/9*3. Suppose 5*f - f - m = 0. Let p = f - 31. What is the units digit of p?
2
Suppose -11*j + 1245 = -8*j. What is the units digit of j?
5
Let m be ((-1)/1)/(-1)*0. Let s = 0 + m. Suppose s = -l + 7 - 1. What is the units digit of l?
6
Suppose 4*k + 233 = 5*u, 6 = -3*k - 0. What is the tens digit of u?
4
Suppose 4*r - 176 = -0*r. Let h = -27 + r. What is the tens digit of h?
1
Let h be (-1)/(1 - -1)*0. What is the tens digit of (-4 - -21)*(1 - h)?
1
Let g(d) = -d**3 + 10*d**2 + 9*d + 16. Let o be g(11). Let a = -16 - -27. Let n = a - o. What is the tens digit of n?
1
Suppose -3*k + 5*k - 5*c = 172, 3*c - 12 = 0. What is the units digit of k?
6
Let v(y) = 2*y**2 - 3*y - 1. What is the units digit of v(3)?
8
Let n = -226 + 375. What is the tens digit of n?
4
Let j(c) = c**3 - 4*c**2 + 3*c - 4. Suppose 2*m = 0, -3*n + 0*n = 3*m - 6. Suppose -3*l + t = -8, -5*l - 4 = -n*t - 16. What is the units digit of j(l)?
8
Let o be 4/(1 + (1 - 3)). What is the units digit of (-41)/(-5) - o/(-20)?
8
Let h(r) = 50*r. Let m be h(1). Suppose -3*g = -6*g, 0 = -5*z + 5*g - m. What is the units digit of z/6*(8 + -11)?
5
Let n(l) = -l**2 - l**3 + 3*l**2 - 4*l + 8*l. Let k be n(3). Suppose 0 = -0*v + 2*v - 5*x - 20, -k*v - 2*x = -11. What is the units digit of v?
5
Let y(u) = -3 - 4*u**2 + u**2 + u + 4*u**2. Let x be y(-3). Suppose c - 3*n = -5, 17 = 4*c + x*n - 38. What is the units digit of c?
0
Suppose 5*y - 190 = 5*w, 0*w - 4*w + 64 = 2*y. Let x = -20 + y. What is the units digit of x?
6
Let c = 0 + -1. Let a(v) = 8*v**2 + v. What is the units digit of a(c)?
7
Let k = 0 - -2. Suppose -k*a + 2 + 8 = 0. Suppose a*w - 35 = -0*w. What is the units digit of w?
7
Let t = -17 - -95. What is the tens digit of t?
7
Suppose -3*s + w + 799 = 0, -5*s + w + 1309 = 5*w. What is the hundreds digit of s?
2
What is the units digit of (-3)/2 - 30/(-4)?
6
Let b be 17/(-3) + (-5)/15. Let n = 4 + b. What is the units digit of (0 - (-1)/n)*-14?
7
Suppose 3 = 4*k - 21. What is the units digit of k?
6
Suppose -2*g - 6 = -0*g. Let h be 6*g/(-12)*-2. What is the units digit of (-9)/(h - -4 - 2)?
9
Suppose -3 + 1 = -v. Suppose g + g - 2*z - 4 = 0, -5*z + 11 = 2*g. Suppose -v*w - g*w + 45 = 0. What is the units digit of w?
9
Suppose 10 = -0*c + 2*c. Suppose 0 = -2*g + 8 + 4. Suppose -5*q + 9 = s, -c*s - 3*q - g + 73 = 0. What is the units digit of s?
4
Let y(t) = t**2 - 7*t + 7. Let m be y(5). Let i(f) = -f + 3. What is the units digit of i(m)?
6
Suppose a = 4*x + 6*a - 6, -4*x + 2 = 3*a. What is the tens digit of (x/2)/(7/(-532))?
3
Suppose 3*l - 2*l = 3. Suppose -4*a + 20 = -l*v, -4*a = 4*v - 6*a + 10. Suppose -19 = -2*d - v*d + 5*n, 0 = 2*d - 2*n - 10. What is the units digit of d?
2
Suppose 5*k = -4*w + 1164, 3*k - 5*w - 531 = 160. What is the hundreds digit of k?
2
Suppose 11 = 5*a - 4. Let r be (-3 + a)*-1*-1. Suppose -b + 4*f + 32 = 0, r = -0*b + 5*b + 3*f - 68. What is the units digit of b?
6
Suppose -t + 4 = -3*t. Let y(k) = -k**3 - 3*k**2 + k + 2. Let x be y(t). Let z = x + 11. What is the units digit of z?
7
Let u = -2 + 7. Suppose 2*b + 2*b - 80 = 0. What is the units digit of (-6)/u*b/(-8)?
3
Suppose -4 = -5*s + 11. Suppose s*n + n - 16 = 0. What is the units digit of n?
4
Let l = -41 + 17. Let f = 4 - l. What is the tens digit of f?
2
What is the hundreds digit of 2*(-521)/(-8) - (-3)/(-12)?
1
Let h be 0 + 71/(-2)*-2. Let l = h + -35. Suppose -3*x - 5*u - 5 = 0, 3*x + 1 = 5*u + l. What is the units digit of x?
5
Let h(y) = 130*y + 1. What is the units digit of h(1)?
1
Let q be (3/(-2))/(6/16). Let r be 2/(-3) + q/(-6). Suppose -5*f + r*f = -2*n + 11, 16 = 4*n - 4*f. What is the units digit of n?
3
Let j be 0 + (0 - -1)*-3. What is the units digit of 9/((-27)/(-6) + j)?
6
Suppose 0 = a + 3 - 1. Let p = a + 8. What is the units digit of 1/(-2) - (-15)/p?
2
Let i be ((-6*3)/2)/(-1). What is the units digit of (14/(-6))/(i/(-27))?
7
Suppose 0 = -q + 4*q - 9. Suppose -5*d = -2*k + 82, q*k + 154 = 7*k - 5*d. What is the tens digit of k?
3
Suppose 4*w + 10 = -5*m, -m - 3*m + w = -13. Suppose p + 8 = -5*a + 22, m*p - a = 6. What is the units digit of p?
4
Suppose 2*q = 3*q - 26. Suppose 4*z = -q + 114. Let v = -10 + z. What is the tens digit of v?
1
Suppose 15*b = 263 - 83. What is the tens digit of b?
1
Let v(a) = 4*a - 3. Let h(q) = -3*q + 2. Let r(o) = 6*h(o) + 5*v(o). What is the units digit of r(4)?
5
Suppose 0 = 3*c + 22 + 2. Let l be (-54)/c + (-9)/12. Suppose x + 3 = l. What is the units digit of x?
3
Let t be 3 + (-4 - 0) + -9. Let a = 2 - t. What is the tens digit of a?
1
Let p(r) = -4 + 0 - r + 0. What is the units digit of p(-8)?
4
Let m(q) be the second derivative of -7*q**4/12 + q**3/6 + q. Let f be m(1). What is the tens digit of 6/9 + (-110)/f?
1
Suppose -4*x = -9*x + 10. Suppose -4*d = x*t - 13 - 33, 4*t = 4*d + 140. What is the units digit of t?
1
Let r be (-4)/(-3)*(-2 + 5). Let i be -12 - (r + -3 - 3). Let a = 0 - i. What is the units digit of a?
0
Suppose 2*c = 5*d + 95, 0 = 3*c - 2*c - d - 46. What is the units digit of c?
5
Let q = 137 + -25. What is the hundreds digit of q?
1
Suppose 41 = y + l, -88 + 10 = -2*y + 2*l. Suppose -2*a = 3*a + y. Let b(u) = u**3 + 8*u**2 + u + 10. What is the units digit of b(a)?
2
Let s be 2 + 2 + (3 - 5). Suppose -2*i + 37 = 3*o, 2*i + o - 57 = s*o. What is the units digit of i?
6
Suppose -3*k - 4*v = 6 + 8, -5*v = k + 23. Suppose 2*t - 27 = -k*t - 5*u, -2*t - 9 = -5*u. What is the units digit of 1 + 1 - (2 - t)?
3
Let r be (-5)/10 + 22/4. Suppose 4*m + r*p - 19 - 18 = 0, -2*m - 5*p + 31 = 0. Suppose -m*y + 9 + 9 = 0. What is the units digit of y?
6
Let n be (-4)/4 + 4*1. Suppose -2*i + n*a = 2*i - 16, 7 = -i - 2*a. Let o = 4 - i. What is the units digit of o?
3
Let k = -9 + 14. Suppose h - k*h + 40 = 0. What is the units digit of h?
0
Suppose -2*r - 3*k = -3 - 11, -5*r = -4*k - 58. Let d = r + -7. Suppose -2*m - d*m + 57 = -3*x, 3*x - 3 = 0. What is the tens digit of m?
1
What is the tens digit of (2 + 1)/1 + 49?
5
Suppose 2*b = -0*b - q + 37, -5*q - 53 = -4*b. Let z = b + 4. What is the units digit of z?
1
What is the units digit of -358*(-1)/4 - 7/14?
9
Let q(r) = r**2 + 7*r + 10. Let t be q(-4). Let m(g) = -3*g**3 + g. What is the tens digit of m(t)?
2
Suppose 12*h - 3*h = 675. What is the tens digit of h?
7
Let h(w) be the second derivative of -w**3/2 - w**2/2 + 4*w. What is the tens digit of h(-7)?
2
Let x(p) = 3*p**2 - p. Let f be x(2). Suppose 3*l + 5*a + 4 = 0, -2*a = 3*a + f. What is the units digit of l?
2
Suppose u - 9 = -3*y + 9, -46 = -5*u - 4*y. Suppose 5*m - 24 - u = 0. What is the units digit of m?
6
Let w(z) = 5*z**2. Suppose 2*t = 3*d + 11, 0 = -6*t + 5*t + 5*d + 9. Suppose -o - 2 = 2*s - 0*o, 0 = -t*o. What is the units digit of w(s)?
5
Suppose k + s = 3*s - 11, -2*k - 5*s - 40 = 0. Let d = -10 - k. What is the units digit of d?
5
Suppose -849 + 107 = -7*x. What is the tens digit of x?
0
Let n(f) = -f**3 - 10*f**2 + 12*f + 15. Suppose 0*v = -2*v + 4. Suppose v*l + 25 = 3. What is the units digit of n(l)?
4
Suppose 0 = -5*v - 3*o + 94, 2*v - 70 = -2*v - 5*o. What is the units digit of v?
0
Let l = 29 + -14. Suppose -7*r + l = -8*r. Let b = r - -32. What is the tens digit of b?
1
Suppose -10 = h + 3*z + 14, h - 5*z - 8 = 0. What is the units digit of ((-2)/8)/(3/h)?
1
Let n = -15 + 25. Suppose 2*v + 0 = -2. Let m = n + v. What is the units digit of m?
9
Let z(x) = -26*x + 11. What is the tens digit of z(-8)?
1
Let h(n) = 18*n - 10. What is the tens digit of h(3)?
4
Let w(b) = b**2 + 2*b + 8. What is the tens digit of w(-7)?
4
Let i(d) = -d**2 + 7*d - 7. Let n be i(5). What is the units digit of (-12)/1*(-2)/n?
8
Let m = -7 - -9. Let d = 15 + m. What is the tens digit of d?
1
Let x(g) be the first derivative of -g**4/4 + g**2/2 - 2*g - 14. Let p(o) = -3*o**2 + 1. Let s be p(1). What is the units digit of x(s)?
4
Let g(k) = k**2 - 1. Let h(f) = 2*f**2 + 1. Let m(v) = 4*g(v) - h(v). What is the units digit of m(-4)?
7
Let m(q) = -9*q + 16. What is the units digit of m(-7)?
9
Let